e
Suppose -z + 0*z = 1. Does 2 divide 3 + (2 - z)*1?
True
Is (-294)/(-7) - (-2 + -2) a multiple of 23?
True
Suppose 4*i - 292 = -5*x + 8*i, 5*i = -5*x + 310. Does 12 divide x?
True
Let l(x) = -x**2 - 21*x + 6. Is 40 a factor of l(-11)?
False
Let o = 13 - 8. Suppose -o*l = -12 - 28. Is 4 a factor of l?
True
Let m be (2 + -1)*70/(-2). Let v = -93 - -166. Let f = m + v. Does 19 divide f?
True
Let l be ((-6)/(-18))/(2/(-6)). Is ((-39)/12)/(l/4) a multiple of 8?
False
Suppose -5*w = -0*w. Suppose -t - 3*v - 3 = 4, -5*t + v + 13 = w. Suppose 2*g = 4*k + 74, 4*g - t*k + 72 - 196 = 0. Is 10 a factor of g?
False
Is 15 a factor of 4/(0 + 4/60)?
True
Suppose 3*d + 47 = 4*d. Suppose m + 2*t - 14 = 0, -4*m + 42 + d = -3*t. Suppose y = -y + m. Does 10 divide y?
True
Suppose 6*h + 120 = 9*h. Let f be (-4)/10 - (-64)/10. Suppose -q - h = -f*q. Does 3 divide q?
False
Let o(j) be the first derivative of j**4/4 + 2*j**3 + 2*j**2 - j - 2. Let s be o(-4). Let p = 43 - s. Does 19 divide p?
False
Suppose -15 = -2*a - 5. Suppose 4*o + 5*l - 91 = 0, -a*o + l + 124 - 3 = 0. Is o a multiple of 5?
False
Let a(r) = r**3 + 12*r**2 + 13*r - 15. Does 11 divide a(-10)?
True
Let r be 6*6/27*3. Let a be (1 + 0)*r/2. Is 15 a factor of (a - 3)*-29 + 1?
True
Suppose 3*t - 5*j = 2*t + 47, 4*j = 4*t - 140. Is t a multiple of 13?
False
Let v(g) = -2*g**2 + 6*g + 2*g + g**2 + 5. Suppose 5*w - 12 = 28. Is v(w) a multiple of 5?
True
Let n(m) = -7*m + 4. Is n(-4) a multiple of 12?
False
Suppose -5*i = -12 + 2. Let m be 30/3 + (-4)/(-2). Suppose -m = -i*y - 0. Is y a multiple of 4?
False
Is 14/(2*(-4)/(-4)) a multiple of 5?
False
Let m be 5*3/(-6)*-2. Let z(a) = a**3 - 4*a**2 - a - 1. Let f(p) = p**3 - 3*p**2 - p. Let i(r) = 2*f(r) - 3*z(r). Is 11 a factor of i(m)?
True
Let j(z) = 8*z**3. Is 4 a factor of j(2)?
True
Let v(i) = 11*i**2 + 2*i. Is v(-2) a multiple of 8?
True
Suppose 5*q - 2 = -42. Let s be 46/8 - (-6)/q. Suppose 0 = -s*m + 5*x + 190, -210 = -5*m - 3*x - 2*x. Is 15 a factor of m?
False
Suppose 4*z - 58 = 38. Is 12 a factor of z?
True
Suppose -11*i + 48 = -8*i. Is 4 a factor of i?
True
Let l be 388/8 - (-1)/(-2). Suppose 2*b - l = 24. Is 9 a factor of b?
True
Let g = 31 + -9. Is g a multiple of 11?
True
Let c = 62 - 41. Is 4 a factor of c?
False
Let k = 96 - 56. Suppose -5*f + 20 + k = 0. Is 3 a factor of f?
True
Let y(w) = 2*w - 3*w + 3*w - w + 2. Is 4 a factor of y(9)?
False
Suppose 5*q + 3*o - o = 4, 4*o = 4*q - 20. Suppose -4 + 16 = q*x - 2*p, -24 = -3*x + p. Is x a multiple of 9?
True
Suppose 44 = -5*a + 164. Is a a multiple of 18?
False
Let j = 1 - -2. Suppose -j*f + 44 = -f. Is f a multiple of 22?
True
Let w be 158/2 + 0 + -1. Suppose -3*t = -t - w. Does 17 divide t?
False
Suppose j + 4*j + 15 = 0, -9 = -5*f - 2*j. Suppose 2*x + 5*b - 43 = -x, f*x + 3*b - 51 = 0. Does 7 divide x?
True
Let q(d) = 2*d**2 - 2*d + 2. Let p be q(4). Suppose 0 = -2*t + p. Suppose -t = -2*x + 3. Is 4 a factor of x?
True
Let i = 7 + -31. Let r = 69 + i. Let j = r + -18. Is j a multiple of 11?
False
Suppose -3*k + 52 = 4*f - 33, -4 = 4*k. Is 8 a factor of f?
False
Suppose 0 = -h + 4*h - 105. Suppose 0 = 2*m + 3*m - h. Does 3 divide m?
False
Suppose 0 = -g - 5*c + 48, 0 = -2*g - c + 9 + 60. Let t = g - 13. Is t a multiple of 10?
True
Suppose -5*l + w + 85 = 0, 2*l + w = -4*w + 61. Suppose -d + l = 2*a, 4*a - 35 = -4*d + 29. Is 5 a factor of -1 + d/4*2?
False
Suppose -7*k = 4*w - 3*k + 20, 0 = -4*w - k - 26. Let u(s) = s**2 + 2*s + 5. Does 8 divide u(w)?
True
Suppose 4*a - 138 = -2*f + 50, 2*a + 282 = 3*f. Suppose d = t + f - 28, 0 = -2*d - 4*t + 132. Is 23 a factor of d?
False
Suppose 4 = 3*d - 2. Suppose -c + 2*q = -d, 0 = -3*q - q + 8. Does 5 divide c?
False
Let q = 2 - 1. Let r be (q + -1)*(2 - 3). Suppose 0 = 4*m - 5*z - 35, 5*m + r*m = 5*z + 45. Is 5 a factor of m?
True
Let t(m) = 13*m - 3. Let n(y) = -y**3 + y**2 - y - 7. Let q be n(0). Let i(o) = 4*o - 1. Let p(l) = q*i(l) + 2*t(l). Is 11 a factor of p(-5)?
True
Let s(q) = 2*q - 1. Let m be s(3). Let t be (-10)/(-8) + (-2)/8. Let c = m - t. Is 3 a factor of c?
False
Let v(d) = -27*d + 8. Does 47 divide v(-10)?
False
Suppose 20 = q - 3. Is q a multiple of 17?
False
Let m be 2/5 + 8888/(-20). Let d be (m/(-10))/((-6)/(-20)). Suppose -7 = -5*k + d. Is 12 a factor of k?
False
Let r(l) = 19*l**2 - 2*l - 1. Let n be r(2). Let j = n + -43. Does 13 divide j?
False
Suppose 4*h - 4*k = -h + 140, -3*h - 2*k = -62. Is 6 a factor of h?
True
Let p(r) = -6*r**2 + 10*r + 13. Let q(g) = g**2 - 1. Let s(f) = -p(f) - 5*q(f). Is s(12) a multiple of 16?
True
Let d = -117 - -261. Is d a multiple of 18?
True
Let l = -1 - -3. Let i(o) = -13*o**3 + o**2 - 2*o - 1. Let a be i(l). Let t = -61 - a. Is 17 a factor of t?
False
Suppose 10*p = 9*p + 50. Does 8 divide p?
False
Suppose -a + 4*a = 177. Does 21 divide a?
False
Let c = 92 - -268. Does 20 divide c?
True
Let q be (-9)/(-15)*(-10)/(-2). Suppose -72 = q*c + 15. Is 12 a factor of -2 - c - 9/3?
True
Suppose 0 = 5*f - 9 - 1. Let x be 1*(f + 10/(-1)). Is (-1)/(-4) + (-30)/x a multiple of 2?
True
Let a(j) = -j**2 + 23*j - 14. Is a(22) a multiple of 8?
True
Suppose -b - 161 = -5*n, 44 + 9 = n + 5*b. Is 7 a factor of n?
False
Let v be (-17)/(-4) - 1/4. Let q = 4 - v. Suppose q = c + 3*c + 4, -k + 28 = -4*c. Is 10 a factor of k?
False
Suppose -3*a - 174 = -6. Let o = a - -34. Is -1*(2 - 1)*o a multiple of 17?
False
Let q(d) = 4*d - 15. Does 11 divide q(12)?
True
Suppose 4 + 2 = 2*s. Suppose b = -3*g - 16, -s*g + 4 = -4*b - 15. Let r = 1 - b. Does 4 divide r?
True
Let g be ((-16)/10)/((-4)/10). Suppose -4*f = g*y + 14 - 2, -15 = -y + 5*f. Suppose 4*d - 2*r + y - 90 = 0, 3*r + 3 = 0. Does 6 divide d?
False
Let c = 2 - 2. Let x = c + 0. Suppose 0*j + 2*j = -3*w + 54, 5*w - 5*j - 90 = x. Is w a multiple of 18?
True
Suppose -c = 2*c - 87. Let m = 1 + c. Let d = m - 17. Does 13 divide d?
True
Let v be 1/(-3) + (-74)/(-6). Suppose 0 = 3*n + v, 5*u - 4*n = 6*u - 132. Suppose 0 = -2*a - 2*a + u. Does 17 divide a?
False
Suppose -6*f - 156 = -3*f. Let o = -89 - f. Let c = 53 + o. Does 13 divide c?
False
Does 10 divide 2 - -2 - (-78 - 12/(-6))?
True
Suppose 72 = 3*w - 69. Is 22 a factor of w?
False
Is 32 a factor of (-127)/(-4) + (1 - 9/12)?
True
Does 15 divide (-152)/(-5) - 6/15?
True
Let l = -9 - -5. Let u be 3/1*(-3 - l). Does 3 divide 1/u - (-8)/3?
True
Let i(h) = h**2 + h + 7. Let v(x) = x + 1. Let z be v(-1). Does 4 divide i(z)?
False
Let b be 33*(-1 - 4/(-3)). Suppose -4*a - b = -5*a. Is a a multiple of 5?
False
Let k be (-6)/(-9) - 440/(-6). Let u = k + -9. Suppose -o = 4*o - u. Is o a multiple of 7?
False
Let c = 356 - 250. Let j = c - 76. Is j a multiple of 15?
True
Suppose -3*c = 2*f - 69 - 210, 0 = 3*c + 5*f - 279. Is c a multiple of 5?
False
Suppose 3*w - 32 = -c, 3*c = -0*w + 3*w + 96. Is 2 a factor of c?
True
Suppose f - 3*f = -10. Let c(p) = -12*p + 5. Let b be c(-6). Suppose -b = -f*w - 3*d, 47 + 31 = 5*w + 2*d. Does 8 divide w?
True
Suppose 5*l + 265 = 795. Suppose 3*o - l = -16. Does 15 divide o?
True
Let s = 8 + -6. Let d = s + -4. Let o = 16 - d. Is 14 a factor of o?
False
Suppose w = -a + 4, 3*w = a - w + 11. Let i(m) = 13*m**2 + 2*m - 1. Is 11 a factor of i(a)?
False
Suppose 4*x = -x + 45. Let a = 13 - x. Is 4 a factor of a?
True
Let o = 1 + 1. Let m(k) = 11*k + 2. Is m(o) a multiple of 7?
False
Suppose 5*j = 258 + 182. Let x be 7/(-35) + (-1)/(-5). Suppose x*v = 4*v - j. Is 11 a factor of v?
True
Let b = 7 + -6. Let q be (-4 + 9)/(b/(-302)). Is 23 a factor of 4/(-10) - q/25?
False
Suppose -5*o = 3*y + 2*y - 50, -2*y + 3*o + 5 = 0. Let n = y - 1. Is n a multiple of 3?
True
Suppose -4*l + 269 = 2*o - 7*l, 0 = -5*o - 2*l + 644. Suppose 3*h - 25 = -3*i + 62, -4*i + 3*h = -o. Is i a multiple of 18?
False
Suppose -t + 3 = -1. Suppose 2*s + 8 = -t*i, i = 2*s - 3*i - 32. Let k = s + 22. Is 14 a factor of k?
True
Let h be (-134)/(-26) - 12/78. Suppose -h = -u + 28. Is u a multiple of 11?
True
Suppose -4*w - 22 = 10. Let d(s) = s**3 + 10*s**2 + 13*s + 7. Does 10 divide d(w)?
False
Let z(q) = -q. Let g be z(0). Suppose 7*r = 3*r - 8. Is (-17)/2*(r - g) a multiple of 12?
False
Let i = -5 - -8. Suppose -2*o = i*a - 86, -4*a = -0*a + o - 108. Does 18 divide a?
False
Is ((-1)/2)/(27/(-2592)) a multiple of 24?
True
Let 